t h(x) = x**3 - 6*x**2 + 4*x - 2. List the prime factors of h(a).
2, 11
Let k(f) = -f - 2. Suppose 0 = 7*u + 14. Let c be k(u). Suppose -5*r + 27 = v - 0*v, -4*v - 5*r + 48 = c. List the prime factors of v.
7
Let p(i) = 2*i**3 - i**2 + 2*i. Suppose 2*z + 3*z - 2*v - 12 = 0, -5*z = 5*v - 5. Let u be p(z). Let j(k) = -k**2 + 26*k + 6. List the prime factors of j(u).
2, 83
Suppose 58 = 2*d - h - 114, 0 = 2*h + 4. Let q = d + 195. What are the prime factors of q?
2, 5, 7
Suppose 0 = 18*g - 108012 - 16548. What are the prime factors of g?
2, 5, 173
Let d(n) = 6*n**2 + 3*n + 12. Suppose -3 = -13*w + 10*w. Suppose 3*c = x + w, 4*c + 8 = -5*x + 4*x. List the prime factors of d(x).
2, 3
Let k(y) = -3*y + 17. Let j be k(7). Let r be 2/4 - (j/8 + 1). Suppose 2*z - 81 + 1 = r. List the prime factors of z.
2, 5
Suppose 72*h - 1866129 - 2081453 = 352546. List the prime factors of h.
2, 3, 7, 79
Suppose 4*d - 16 = -60. Let j = d - -13. Suppose 0*b - 3*o = -j*b + 40, 2*o = -3*b + 34. List the prime factors of b.
2, 7
Suppose 0 = 23*k - 50539 - 520367. List the prime factors of k.
2, 3, 7, 197
Suppose -4*w - 7*o = -6*w + 8754, 2*o - 4399 = -w. What are the prime factors of w?
4391
Let j = 30 - -386. Suppose 5*p = 3*f - 1047, 2*p + 199*f + 430 = 203*f. Let c = j + p. List the prime factors of c.
11, 19
What are the prime factors of (4/(-48)*3)/((-9)/226332)?
6287
Suppose 3*x = 2*x. Suppose -2 = 2*z - x. List the prime factors of (14/(-7))/(z/24).
2, 3
Let u = -39 + 45. Suppose 2*k - u*k = -8. Suppose -3*r + 210 = k*r. List the prime factors of r.
2, 3, 7
Let o(m) = -m**3 - 3*m**2 + 5*m + 6. Let i be o(-5). Suppose 200 = 11*w - 6*w. Let z = w + i. List the prime factors of z.
71
Suppose -134*o - 35523 - 304 = -145*o. List the prime factors of o.
3257
Let g = 4829 + -2626. List the prime factors of g.
2203
Let d be (296/12 + -1)/((-7)/(-21)). Let o = d - -111. What are the prime factors of o?
2, 7, 13
Suppose -5*d - 50 = 3*b, -2*b + 5 - 49 = -2*d. Let h(x) = 2*x**2 + x**2 + 20*x**2 - 2*x**2 + 20*x + 13 + x**3. What are the prime factors of h(b)?
13
Suppose -17 = 9*h - 422. List the prime factors of 6476/20 - 3 - (-9)/h.
3, 107
Let h(x) = -5*x**2 + 10*x + 2. Let q be h(10). Let t = 478 - q. Suppose -5*s = s - t. What are the prime factors of s?
2, 73
Suppose 4*t - 3*f - 20 = 0, t - 5 = 16*f - 11*f. Suppose v = t*v - 4, -4*o + 1521 = -3*v. List the prime factors of o.
3, 127
Let l = 97 + 2602. List the prime factors of l.
2699
Suppose 13 = 3*x - 2. Suppose g - 396 = -x*g. Suppose 71*w = g*w + 385. What are the prime factors of w?
7, 11
Let q = 307 + -127. Suppose 20*d = 22*d - q. Suppose 0 = -0*b - 2*b + d. What are the prime factors of b?
3, 5
Let f(t) = t + 215. Suppose 765 = 27*b - 10*b. What are the prime factors of f(b)?
2, 5, 13
Suppose -48*r - 13*r + 1145700 = 29*r. What are the prime factors of r?
2, 5, 19, 67
Let c(j) = -11*j - 7. Let h be c(-1). Suppose 5*w = h*w + 14. Suppose -3485 = -3*m - w*m. What are the prime factors of m?
5, 41
Let d(y) = 30*y**2 + 76*y + 406. What are the prime factors of d(-13)?
2, 3, 11, 17
Suppose -519*k = -592*k + 1828796. List the prime factors of k.
2, 6263
Let o = 3 + 2. Let m be (3780/(-6))/(-7) + (-1 - 0). Suppose 4*p - 76 = -n + m, n = o. What are the prime factors of p?
2, 5
Let p(g) = 5*g**3 - 2*g**2 + 2*g - 1. Let q be p(1). Suppose 396 = -2*r - q*r. Let w = r - -99. List the prime factors of w.
3, 11
Suppose -76 = -3*u + 86. Let r = u + -51. Suppose 5*j + 214 = 3*h, -j + 124 - r = 2*h. What are the prime factors of h?
3, 7
Let y = 78 - 70. Let q(o) = -2 + 4 - 2*o**3 + 7*o**2 + 3*o**3 + o - y. What are the prime factors of q(-5)?
3, 13
What are the prime factors of (5/((-5)/2))/(548/(-3316770))?
3, 5, 269
Let x(z) = -4*z**3 - 227*z**2 + 154*z + 123. List the prime factors of x(-58).
8011
Let i be (-45)/6*(-28)/(-35). Let m(k) = 34*k**2 - 13*k - 101. List the prime factors of m(i).
1201
Let a be (-3352)/10 + 312/(-390). Suppose 7*o - 2*o = 3045. Let w = a + o. List the prime factors of w.
3, 7, 13
Let n(z) = z**3 + 12*z**2 + 8*z + 12. Let k be n(-5). List the prime factors of (-2212)/(-12) - -7*(-7)/k.
2, 23
Suppose 0 = 23*q - 57*q + 1292. Suppose -56 = -6*x - q. List the prime factors of x.
3
Let j = -296 + 313. Let u(n) = 65*n - 39. What are the prime factors of u(j)?
2, 13, 41
Suppose -2*w - 12 = 4*f, 4*w - 2*f - 36 = 2*f. Let d(m) = -2*m + 0 - 7 - w*m + 0. What are the prime factors of d(-8)?
41
Let h be 0/(-3 + -3) + (0 - -2). Let y be 36 - (-2 - 0/h). Let b = y + 2. What are the prime factors of b?
2, 5
Suppose -f - 2*f = 5*q - 21663, 5*q = -2*f + 21667. What are the prime factors of q?
3, 5, 17
List the prime factors of (0 - (-10596)/9)/((-396)/(-5643)).
19, 883
Let m = -27235 - -50809. What are the prime factors of m?
2, 3, 3929
Let b = 1074 + 996. Let u = b - 507. List the prime factors of u.
3, 521
Let h(m) = m**2 + 866. Let v(b) = 3*b**3 + 45*b**2 - 3*b - 45. Let s be v(-15). What are the prime factors of h(s)?
2, 433
Suppose -43*u = -47*u - 4. Let w(r) = r**3 - 4*r**2 - 7*r - 4. Let b(m) = m**2 - m + 1. Let y(k) = u*w(k) - 4*b(k). List the prime factors of y(-6).
2, 3, 5
Let f(u) = -59*u - 496. What are the prime factors of f(-22)?
2, 401
Suppose 4*z = -83047 + 217331. What are the prime factors of z?
59, 569
What are the prime factors of 132/20 + -6 - (-675908)/20?
2, 7, 17, 71
Suppose 0 = -7153*k + 7114*k + 1012947. List the prime factors of k.
19, 1367
Suppose 0 = q - 4, -q - 117 = -5*x - 4*q. What are the prime factors of x/(-9)*762/(-2)?
7, 127
Suppose 0 = -4*m - 2*a + 20, -3*m - a = -21 + 4. Suppose 2*y + z + m = 20, -y + 4*z = -29. Suppose 0 = -10*l + y*l + 63. What are the prime factors of l?
3, 7
Suppose -5*y = 4*f + 13, -2*y + 3*f = -17 + 13. List the prime factors of 6 + 2 + (-189)/y.
197
Let q(w) = 32 - 3*w**3 - 2*w - 3 + w**2 + 2*w**3. Let t = 619 - 619. What are the prime factors of q(t)?
29
Suppose -192803 + 88413 = -15*h + 96160. What are the prime factors of h?
2, 5, 7, 191
Suppose 5*a = 7*a - 3*b - 11553, 3*b = -5*a + 28935. What are the prime factors of a?
2, 3, 241
Let i = -115586 - -198683. What are the prime factors of i?
3, 7, 1319
Let c(u) = 30*u - 30. Let f be c(4). Let w = -13 + 16. Suppose -s + w*s - f = 0. List the prime factors of s.
3, 5
Let a(f) = -f**2 + 28*f - 89. Let k be a(24). Suppose k*h = 1759 + 1909. List the prime factors of h.
2, 131
Let z(n) = 4*n**2 + 3*n + 11. Let o be z(-6). Let x(j) = -12*j + 10. Let f be x(-6). Let l = o - f. List the prime factors of l.
5, 11
Suppose -117772 = 4*a - 509192. What are the prime factors of a?
5, 19571
Suppose 47*g + 9171764 = 212*g + 964829. List the prime factors of g.
49739
Let c(g) = 5*g**3 + 7*g**2 - 113*g - 15. List the prime factors of c(7).
2, 313
Let a = 30844 + -20841. What are the prime factors of a?
7, 1429
Suppose -3*h - s = s - 11, 4 = 2*h - 2*s. Let f(z) be the third derivative of 17*z**4/24 + 5*z**3/3 - 20*z**2. What are the prime factors of f(h)?
61
Suppose 14*u - 10*u = 16. List the prime factors of -2 + (u - (-4 + -230)).
2, 59
Let y = 2333 - 3572. Let l = -883 - y. What are the prime factors of l?
2, 89
Let u = 76 + -70. Suppose -u = -2*s - 0. Suppose s*f = 40 + 8. List the prime factors of f.
2
What are the prime factors of (-1)/(36/(-272481)) + 1/12?
3, 29
Let l(g) = 414*g + 20. Let b be l(2). Suppose -b = -4*m - 5*f, 426 = 2*m - 2*f + 4*f. What are the prime factors of m?
7, 31
Suppose -2*r = -3*c + 483 + 91, -206 = -c - 3*r. Suppose 27*j = 25*j + c. List the prime factors of j.
97
Suppose -5868 = -2*s + 9400 - 1698. List the prime factors of s.
5, 23, 59
Let u = 16 - 12. Suppose -u*s - 4*m = -2*m - 96, -3*m - 54 = -3*s. Let y = s - -76. What are the prime factors of y?
2, 7
What are the prime factors of (-2 + 3)*(0 - -4) - 14701/(-1)?
5, 17, 173
Suppose 62*u + 46801 - 739168 - 282087 = 0. List the prime factors of u.
3, 13, 31
Suppose -56*j + 1360 = -52*j. Let u = j + -317. What are the prime factors of u?
23
Suppose -2*z + 18576 = -0*c - 3*c, -5*z - c + 46423 = 0. List the prime factors of z.
3, 5, 619
Suppose 5*y + 45 - 40 = 0. Let r be (y/((-18)/(-1254)))/(1/(-12)). Suppose -3*n - r = -14*n. What are the prime factors of n?
2, 19
Let a be 10*8/((-112)/357). List the prime factors of (-58820)/a*9/2.
